{"id":3162,"date":"2026-04-18T16:05:02","date_gmt":"2026-04-18T14:05:02","guid":{"rendered":"https:\/\/www.ikigai-colors.com\/?page_id=3162"},"modified":"2026-04-18T17:52:14","modified_gmt":"2026-04-18T15:52:14","slug":"ebe","status":"publish","type":"page","link":"https:\/\/www.ikigai-colors.com\/index.php\/ebe\/","title":{"rendered":"EBE+"},"content":{"rendered":"\n<p class=\"has-large-font-size\"><strong>Analysez et optimisez votre seuil de rentabilit\u00e9<\/strong><\/p>\n\n\n\n<p class=\"has-medium-font-size\"><strong>Pr\u00e9sentation de l\u2019outil&nbsp;:<\/strong><\/p>\n\n\n\n<p style=\"font-size:15px\">A partir de quel seuil de chiffre d&rsquo;affaires votre activit\u00e9 est-elle rentable ? Combien de ventes faut-il r\u00e9aliser \u00e0 cet effet ? Quel est l&rsquo;impact d&rsquo;une r\u00e9duction \u00e9ventuelle de vos co\u00fbts et\/ou d&rsquo;une variation de votre marge brute sur votre seuil de rentabilit\u00e9 ? Comment optimiser son seuil de rentabilit\u00e9 en agissant \u00e0 la fois sur les co\u00fbts fixes et sur la marge ? C&rsquo;est pour r\u00e9pondre \u00e0 ce type de question que nous avons cr\u00e9\u00e9 \u00ab\u00a0EBE+\u00a0\u00bb.<\/p>\n\n\n\n<p style=\"font-size:15px\">\u00ab\u00a0EBE+\u00a0\u00bb est un module d&rsquo;analyse et d&rsquo;optimisation du seuil de rentabilit\u00e9 et de calcul du point mort d&rsquo;exploitation, utilisable sur un ordinateur type PC dot\u00e9 de Microsoft Excel<sup>(R)<\/sup> et de Windows<sup>(R)<\/sup>. A partir des co\u00fbts fixes de l&rsquo;entreprise et de la marge sur co\u00fbts variables, l&rsquo;outil calcule le niveau de CA ainsi que le nombre de ventes n\u00e9cessaires pour parvenir \u00e0 l&rsquo;\u00e9quilibre en mati\u00e8re d&rsquo;Exc\u00e9dent Brut d&rsquo;Exploitation (EBE*).<\/p>\n\n\n\n<p class=\"has-text-align-center\" style=\"font-size:15px\"><strong>Seuil de rentabilit\u00e9 = CA au point mort = Co\u00fbts Fixes \/ Marge sur co\u00fbts variables<\/strong><\/p>\n\n\n\n<p class=\"has-text-align-left\" style=\"font-size:15px\">A partir de cette indication, l&rsquo;outil calcule l&rsquo;EBE en fonction de diff\u00e9rents niveaux de chiffre d&rsquo;affaires autour du CA au point mort : par exemple des variations de 5% des ventes annuelles. Un graphique permet de visualiser l&rsquo;\u00e9volution de l&rsquo;EBE en fonction des variations du CA.<br>Deux autres tableaux permettent de calculer le niveau de point mort d&rsquo;exploitation en fonction :<br>1) des variations de la marge sur co\u00fbts variables.<br>2) des variations du niveau des co\u00fbts fixes.<\/p>\n\n\n\n<p style=\"font-size:15px\">Les param\u00e8tres modifiables figurent <strong>en orange<\/strong> dans l&rsquo;onglet \u00ab\u00a0EBE+\u00a0\u00bb. Les cellules<strong>en bleu <\/strong>ne sont pas modifiables. Un exemple de calcul du seuil de rentabilit\u00e9 est donn\u00e9 dans l&rsquo;onglet \u00ab\u00a0Exemple\u00a0\u00bb. Un lexique comptable et financier compl\u00e8te l&rsquo;outil \u00ab\u00a0EBE+\u00a0\u00bb.<br>Le point mort d&rsquo;exploitation (niveau de ventes n\u00e9cessaires pour g\u00e9n\u00e9rer un EBE positif) s&rsquo;am\u00e9liore naturellement lorsque les co\u00fbts fixes diminuent et\/ou que la marge augmente. \u00ab\u00a0EBE+\u00a0\u00bb constitue une base de r\u00e9flexion int\u00e9ressante pour voir dans quelle mesure il est possible d\u2019\u00eatre plus rapidement rentable en variabilisant ses co\u00fbts fixes et en am\u00e9liorant sa marge sur co\u00fbts directs\u2026<br>Ce module \u00ab\u00a0EBE+\u00a0\u00bb peut utilement \u00eatre compl\u00e9t\u00e9 par les outils de pr\u00e9visions financi\u00e8res \u00ab\u00a0BizPrev\u00a0\u00bb ou \u00ab\u00a0BizPrev Premium\u00a0\u00bb ainsi que le module d&rsquo;\u00e9valuation de projet \u00ab\u00a0BizEval\u00a0\u00bb et le module d&rsquo;\u00e9valuation financi\u00e8re \u00ab\u00a0FastEval\u00a0\u00bb.<br>Si n\u00e9cessaire, n&rsquo;h\u00e9sitez pas \u00e0 consulter votre Expert-Comptable ou vos conseillers financiers habituels. Bon travail !<\/p>\n\n\n\n<p class=\"has-small-font-size\">(c) Etienne Krieger<br><br>* L&rsquo;EBE ou Exc\u00e9dent Brut d&rsquo;Exploitation est la diff\u00e9rence entre les produits d&rsquo;exploitation et les charges d&rsquo;exploitation. A la diff\u00e9rence du r\u00e9sultat d&rsquo;exploitation, il ne prend pas en compte les dotations aux amortissements et les provisions d&rsquo;exploitation. Il mesure l&rsquo;exc\u00e9dent g\u00e9n\u00e9r\u00e9 par l&rsquo;exploitation de l&rsquo;entreprise, hors r\u00e9sultats financiers et r\u00e9sultats exceptionnels. L&rsquo;EBE est ainsi proche de l&rsquo;EBITDA de la comptabilit\u00e9 anglo-saxonne (Earnings Before Interests, Taxes, Depreciation and Amortization).<\/p>\n\n\n<div class=\"wp-block-image\">\n<figure class=\"aligncenter size-full\"><img loading=\"lazy\" decoding=\"async\" width=\"767\" height=\"647\" src=\"https:\/\/www.ikigai-colors.com\/wp-content\/uploads\/2026\/04\/Y604_EBE-ECRAN-Outil-Excel.jpg\" alt=\"\" class=\"wp-image-3172\" srcset=\"https:\/\/www.ikigai-colors.com\/wp-content\/uploads\/2026\/04\/Y604_EBE-ECRAN-Outil-Excel.jpg 767w, https:\/\/www.ikigai-colors.com\/wp-content\/uploads\/2026\/04\/Y604_EBE-ECRAN-Outil-Excel-300x253.jpg 300w\" sizes=\"auto, (max-width: 767px) 100vw, 767px\" \/><\/figure>\n<\/div>\n\n\n<h1 class=\"wp-block-heading has-medium-font-size\">Qu&rsquo;est ce qu&rsquo;un seuil de rentabilit\u00e9 et comment l&rsquo;atteindre ?<\/h1>\n\n\n\n<blockquote class=\"wp-block-quote is-layout-flow wp-block-quote-is-layout-flow\">\n<p class=\"has-small-font-size\"><strong>Synth\u00e8se&nbsp;:<\/strong> Le <strong>seuil de rentabilit\u00e9<\/strong> est le chiffre d\u2019affaires minimum \u00e0 atteindre pour que l\u2019entreprise ne perde pas d\u2019argent, ce qui d\u00e9pend des co\u00fbts fixes et de votre marge sur co\u00fbts variables. Pour l\u2019atteindre, on peut soit r\u00e9duire vos co\u00fbts fixes, soit accro\u00eetre votre marge via des volumes de vente ou des prix plus \u00e9lev\u00e9s, mais chaque choix comporte des risques. Le dilemme des charges fixes (embauche vs sous-traitance) et celui du prix de vente (prix \u00e9lev\u00e9s vs budget marketing) montrent que chaque d\u00e9cision impacte \u00e0 la fois la rentabilit\u00e9 et votre croissance potentielle. Le seuil de rentabilit\u00e9 doit \u00eatre analys\u00e9 dans le cadre d\u2019un plan de d\u00e9veloppement, int\u00e9grant plusieurs hypoth\u00e8ses pour \u00e9valuer la r\u00e9silience de votre entreprise face aux al\u00e9as du march\u00e9.<\/p>\n\n\n\n<p class=\"has-small-font-size\"><strong>Pourquoi c\u2019est important pour un entrepreneur&nbsp;? <\/strong>Un entrepreneur doit conna\u00eetre son seuil de rentabilit\u00e9 afin de piloter son activit\u00e9 de mani\u00e8re durable, en arbitrant entre sous-traitance, embauches et investissements pour accro\u00eetre sa productivit\u00e9 et sa visibilit\u00e9. Cette approche permet de renforcer votre r\u00e9silience et de garder le cap m\u00eame face \u00e0 des variations significatives de client\u00e8le ou de concurrence.<\/p>\n<\/blockquote>\n\n\n\n<p style=\"font-size:15px\">Le seuil de rentabilit\u00e9<strong> <\/strong>ou point mort est le niveau de chiffre d&rsquo;affaires minimum \u00e0 partir duquel une entreprise est rentable. Il se calcule \u00e0 partir des co\u00fbts fixes de l&rsquo;entreprise et de sa marge sur co\u00fbts variables (seuil de rentabilit\u00e9 = co\u00fbts fixes \/ marge sur co\u00fbts variables). Si l&rsquo;on consid\u00e8re cette rentabilit\u00e9 en termes d&rsquo;exc\u00e9dent brut d&rsquo;exploitation (EBE<sup>*<\/sup>), le seuil de rentabilit\u00e9 est le niveau minimum de chiffre d\u2019affaires que l&rsquo;entreprise doit r\u00e9aliser pour que l&rsquo;EBE soit \u00e9gal \u00e0 z\u00e9ro.<\/p>\n\n\n\n<p style=\"font-size:15px\">On voit, \u00e0 travers cette d\u00e9finition, qu\u2019il y a deux mani\u00e8res d\u2019atteindre et de d\u00e9passer son seuil de rentabilit\u00e9 : limiter ses co\u00fbts fixes et\/ou vendre beaucoup avec la marge la plus \u00e9lev\u00e9e possible. Derri\u00e8re ce constat de bon sens, les choses se corsent n\u00e9anmoins pour certains cr\u00e9ateurs d\u2019entreprise ou dirigeants de PME. En effet, si plusieurs activit\u00e9s sont rentables d\u00e8s le premier mois avec peu de co\u00fbts fixes (charges de personnel, loyers, co\u00fbts commerciaux\u2026), d\u2019autres projets requi\u00e8rent des investissements et des charges \u00e9lev\u00e9s et peuvent mettre plusieurs mois voire des ann\u00e9es avant de g\u00e9n\u00e9rer du chiffre d\u2019affaires et, <em>a fortiori<\/em>, des marges b\u00e9n\u00e9ficiaires significatives. Ceci diff\u00e8re d\u2019autant l\u2019atteinte de ce fameux seuil de rentabilit\u00e9. C\u2019est le cas des startups technologiques, dont la valeur \u00e0 terme pourra en revanche \u00eatre un multiple tr\u00e8s \u00e9lev\u00e9 de l\u2019exc\u00e9dent brut d\u2019exploitation ou du chiffre d\u2019affaires de l\u2019entreprise.<\/p>\n\n\n\n<p style=\"font-size:15px\">Certaines activit\u00e9s, notamment dans les services, requi\u00e8rent peu de charges fixes et g\u00e9n\u00e8rent d\u2019embl\u00e9e une marge sur co\u00fbts variables confortable, sup\u00e9rieure \u00e0 40% voire 50%. Mais leur potentiel de croissance peut s\u2019av\u00e9rer plus limit\u00e9 que d\u2019autres entreprises, dont les co\u00fbts fixes sont certes plus \u00e9lev\u00e9s mais dont les marges seront d\u2019autant plus confortables que leur offre, tr\u00e8s diff\u00e9renci\u00e9e des offres concurrentes, est susceptible d\u2019atteindre un march\u00e9 mondial. Plusieurs entreprises dans le secteur cosm\u00e9tique, pharmaceutiques ou encore des spiritueux, ont ainsi des marges sur co\u00fbt directs sup\u00e9rieures \u00e0 60% et sont, en rythme de croisi\u00e8re, tr\u00e8s largement au-dessus de leur seuil de rentabilit\u00e9.<\/p>\n\n\n\n<p class=\"has-text-align-center\" style=\"font-size:20px\"><strong>Le dilemme des co\u00fbts fixes<\/strong><\/p>\n\n\n\n<p style=\"font-size:15px\">Si un entrepreneur fait appel \u00e0 des prestataires ext\u00e9rieurs pour honorer ses commandes, le co\u00fbt de ces sous-traitants sera certes variable mais il sera g\u00e9n\u00e9ralement plus \u00e9lev\u00e9 que si l\u2019entreprise embauchait des profils \u00e9quivalents. Un programmeur ind\u00e9pendant vous co\u00fbtera par exemple 500 \u20ac HT par jour alors qu\u2019un profil \u00e9quivalent, pay\u00e9 aux alentours de 2500 \u20ac net par mois, vous co\u00fbtera moins de 250 \u20ac par jour, charges sociales incluses, soit deux fois moins qu\u2019un programmeur \u00ab free-lance \u00bb. Si notre entrepreneur a une visibilit\u00e9 suffisante sur son carnet de commande, il a donc tout int\u00e9r\u00eat \u00e0 embaucher un informaticien\u2026 mais il aura ainsi cr\u00e9\u00e9 des charges fixes d\u2019environ 50&nbsp;000 \u20ac par an. Cet exemple montre que si d\u2019un c\u00f4t\u00e9, vous am\u00e9liorez significativement votre marge sur co\u00fbts variables, vous accroissez en revanche vos charges fixes, ce qui peut \u00eatre probl\u00e9matique si votre carnet de commandes diminue brutalement et durablement.<\/p>\n\n\n\n<p style=\"font-size:15px\">Le recours \u00e0 l\u2019embauche \u00e9l\u00e8ve certes significativement votre seuil de rentabilit\u00e9 mais il a \u00e9galement un impact favorable sur la qualit\u00e9 globale de votre offre (r\u00e9activit\u00e9, service apr\u00e8s-vente) et sur la ma\u00eetrise des comp\u00e9tences n\u00e9cessaires pour \u00ab faire tourner \u00bb votre entreprise au quotidien et faire \u00e9voluer votre activit\u00e9. Les charges fixes sont ainsi souvent un passage oblig\u00e9 pour un entrepreneur qui a des ambitions de croissance.<\/p>\n\n\n\n<p class=\"has-text-align-center has-medium-font-size\"><a><\/a><strong>Le dilemme du prix de vente et du budget marketing<\/strong><\/p>\n\n\n\n<p style=\"font-size:15px\">L\u2019analyse du seuil de rentabilit\u00e9 peut \u00e9galement s\u2019effectuer pour une activit\u00e9 voire pour un seul produit ou service, \u00e0 condition de bien isoler les charges fixes propres \u00e0 cette activit\u00e9 ou \u00e0 l\u2019offre consid\u00e9r\u00e9e. Le dilemme d\u00e9crit plus haut en mati\u00e8re d\u2019embauche (co\u00fbts fixes) ou de recours \u00e0 des sous-traitants (co\u00fbts variables) s\u2019enrichit alors d\u2019une s\u00e9rie de questions tout aussi cruciales : \u00e0 quel prix pouvez-vous ou voulez-vous vendre ? Vos prix sont-ils plus \u00e9lev\u00e9s que l\u2019offre de votre concurrent le plus dangereux ? Pensez-vous qu\u2019en r\u00e9duisant sensiblement vos prix de vente (donc vos marges) vous augmenterez significativement le volume de vos ventes ? Quelles sont les d\u00e9penses marketing et commerciales n\u00e9cessaires pour promouvoir votre offre et atteindre vos objectifs commerciaux ?<\/p>\n\n\n\n<p style=\"font-size:15px\">Le prix de vente a un impact direct sur le seuil de rentabilit\u00e9 puisque votre marge sur co\u00fbts variables d\u00e9pend directement du niveau de prix choisi et que ce niveau de prix a de surcro\u00eet une influence sur les volumes de vente.<\/p>\n\n\n\n<p style=\"font-size:15px\">Pour en revenir aux co\u00fbts fixes, il va sans dire que le meilleur produit ou service du monde se vend rarement tout seul et qu\u2019il est n\u00e9cessaire de ne pas l\u00e9siner sur le budget marketing\u2026 ce qui \u00e9l\u00e8ve \u00e0 nouveau votre seuil de rentabilit\u00e9. Mais \u00e0 quoi servirait un seuil de rentabilit\u00e9 tr\u00e8s bas si les ventes ne sont pas au rendez-vous et que l\u2019activit\u00e9 est d\u00e9ficitaire ? Un bon plan marketing a certes un co\u00fbt mais il maximise aussi vos chances d\u2019atteindre et de d\u00e9passer vos objectifs commerciaux !<\/p>\n\n\n\n<p class=\"has-text-align-center has-medium-font-size\"><a><\/a><strong>Seuil de rentabilit\u00e9 et plan de d\u00e9veloppement<\/strong><\/p>\n\n\n\n<p style=\"font-size:15px\">Et vous ? Que se passerait-il si votre chiffre d\u2019affaires diminuait brutalement de 30%, du fait d\u2019un retournement de conjoncture ou de l\u2019apparition d\u2019un concurrent frontal ? Votre activit\u00e9 resterait-elle rentable ou faudrait-il ajuster vos co\u00fbts fixes et\/ou faire \u00e9voluer votre offre de mani\u00e8re \u00e0 am\u00e9liorer vos marges ? C\u2019est pr\u00e9cis\u00e9ment ce genre de question qu\u2019il convient de se poser lorsque l\u2019on r\u00e9alise un business plan et que l\u2019on calcule son seuil de rentabilit\u00e9 en fonction de diff\u00e9rentes hypoth\u00e8ses de prix de vente et de co\u00fbts fixes, \u00e0 commercer par les d\u00e9penses marketing et les autres co\u00fbts commerciaux.<\/p>\n\n\n\n<p style=\"font-size:15px\">Au final, on voit que derri\u00e8re cette notion relativement simple de d\u00e9termination du seuil de rentabilit\u00e9 se profilent des questions de fond sur la nature m\u00eame de l\u2019activit\u00e9 de l\u2019entreprise et sur sa p\u00e9rennit\u00e9 \u00e0 long terme. S\u2019il est souhaitable de d\u00e9passer rapidement et significativement son seuil de rentabilit\u00e9, il n\u2019est en revanche peut-\u00eatre pas opportun d\u2019abaisser ce seuil au d\u00e9triment de la qualit\u00e9 globale de votre offre et par cons\u00e9quent de la satisfaction de vos clients. Tout est donc affaire de dosage.<\/p>\n\n\n\n<p style=\"font-size:15px\">L\u2019exemple ci-dessous permet de calculer le seuil de rentabilit\u00e9 d\u2019un cabinet d\u2019avocat dont les co\u00fbts fixes sont de 90 k\u20ac et o\u00f9 la marge sur co\u00fbts variables est de 85%. Les co\u00fbts variables correspondent essentiellement \u00e0 des co\u00fbts externes propres \u00e0 chaque mission, des frais de d\u00e9placement et d\u2019\u00e9ventuelles r\u00e9trocession. En tablant sur une facturation moyenne par mission de 4000\u20ac HT, le seuil de rentabilit\u00e9 (point mort) est de 106 k\u20ac, ce qui correspond \u00e0 27 missions factur\u00e9es. Si le taux horaire moyen est de 300\u20ac HT, le seuil de rentabilit\u00e9 est atteint \u00e0 partir de 360 heures factur\u00e9es par an, soit 30 heures par mois.<\/p>\n\n\n\n<figure class=\"wp-block-image size-full\"><img loading=\"lazy\" decoding=\"async\" width=\"992\" height=\"162\" src=\"https:\/\/www.ikigai-colors.com\/wp-content\/uploads\/2026\/04\/EBE-Avocat-01.jpg\" alt=\"\" class=\"wp-image-3131\" srcset=\"https:\/\/www.ikigai-colors.com\/wp-content\/uploads\/2026\/04\/EBE-Avocat-01.jpg 992w, https:\/\/www.ikigai-colors.com\/wp-content\/uploads\/2026\/04\/EBE-Avocat-01-300x49.jpg 300w, https:\/\/www.ikigai-colors.com\/wp-content\/uploads\/2026\/04\/EBE-Avocat-01-768x125.jpg 768w\" sizes=\"auto, (max-width: 992px) 100vw, 992px\" \/><\/figure>\n\n\n\n<p class=\"has-small-font-size\"><sup>(<\/sup><sup>*<\/sup><sup>)<\/sup>&nbsp;L&rsquo;EBE ou Exc\u00e9dent Brut d&rsquo;Exploitation est la diff\u00e9rence entre les produits d&rsquo;exploitation et les charges d&rsquo;exploitation. A la diff\u00e9rence du r\u00e9sultat d&rsquo;exploitation, il ne prend pas en compte les dotations aux amortissements et les provisions d&rsquo;exploitation. Il mesure l&rsquo;exc\u00e9dent g\u00e9n\u00e9r\u00e9 par l&rsquo;exploitation de l&rsquo;entreprise, hors r\u00e9sultats financiers et r\u00e9sultats exceptionnels. L&rsquo;EBE est ainsi proche de l&rsquo;EBITDA de la comptabilit\u00e9 anglo-saxonne (<em>Earnings Before Interests, Taxes, Depreciation and Amortization<\/em>).<\/p>\n\n\n\n<p class=\"has-small-font-size\"><strong><span style=\"text-decoration: underline;\"><a href=\"https:\/\/www.ikigai-colors.com\/index.php\/tools-2\/\" data-type=\"page\" data-id=\"3126\">Retour au Menu \u00ab\u00a0Tools\u00a0\u00bb<\/a><\/span><\/strong><\/p>\n\n\n\n<p class=\"has-small-font-size\">&#8230;<\/p>\n\n\n\n<p><\/p>\n","protected":false},"excerpt":{"rendered":"<p>Analysez et optimisez votre seuil de rentabilit\u00e9 Pr\u00e9sentation de l\u2019outil&nbsp;: A partir de quel seuil de chiffre d&rsquo;affaires votre activit\u00e9 est-elle rentable ? Combien de ventes faut-il r\u00e9aliser \u00e0 cet effet ? Quel est l&rsquo;impact d&rsquo;une r\u00e9duction \u00e9ventuelle de vos co\u00fbts et\/ou d&rsquo;une variation de votre marge brute sur votre [&hellip;]<\/p>\n","protected":false},"author":1,"featured_media":0,"parent":0,"menu_order":0,"comment_status":"closed","ping_status":"closed","template":"","meta":{"footnotes":""},"class_list":["post-3162","page","type-page","status-publish","hentry"],"_links":{"self":[{"href":"https:\/\/www.ikigai-colors.com\/index.php\/wp-json\/wp\/v2\/pages\/3162","targetHints":{"allow":["GET"]}}],"collection":[{"href":"https:\/\/www.ikigai-colors.com\/index.php\/wp-json\/wp\/v2\/pages"}],"about":[{"href":"https:\/\/www.ikigai-colors.com\/index.php\/wp-json\/wp\/v2\/types\/page"}],"author":[{"embeddable":true,"href":"https:\/\/www.ikigai-colors.com\/index.php\/wp-json\/wp\/v2\/users\/1"}],"replies":[{"embeddable":true,"href":"https:\/\/www.ikigai-colors.com\/index.php\/wp-json\/wp\/v2\/comments?post=3162"}],"version-history":[{"count":10,"href":"https:\/\/www.ikigai-colors.com\/index.php\/wp-json\/wp\/v2\/pages\/3162\/revisions"}],"predecessor-version":[{"id":3206,"href":"https:\/\/www.ikigai-colors.com\/index.php\/wp-json\/wp\/v2\/pages\/3162\/revisions\/3206"}],"wp:attachment":[{"href":"https:\/\/www.ikigai-colors.com\/index.php\/wp-json\/wp\/v2\/media?parent=3162"}],"curies":[{"name":"wp","href":"https:\/\/api.w.org\/{rel}","templated":true}]}}