{"id":3236,"date":"2026-04-19T18:06:58","date_gmt":"2026-04-19T16:06:58","guid":{"rendered":"https:\/\/www.ikigai-colors.com\/?page_id=3236"},"modified":"2026-04-19T18:14:48","modified_gmt":"2026-04-19T16:14:48","slug":"propalor","status":"publish","type":"page","link":"https:\/\/www.ikigai-colors.com\/index.php\/propalor\/","title":{"rendered":"Propalor"},"content":{"rendered":"\n<p class=\"has-medium-font-size\"><strong>\u00c9valuez et optimisez le potentiel commercial de votre entreprise<\/strong><\/p>\n\n\n\n<p style=\"font-size:15px\">\u00ab\u00a0Propalor\u00a0\u00bb est un outil d&rsquo;\u00e9valuation du potentiel commercial d&rsquo;une entreprise, via l&rsquo;analyse du cycle de vente et d&rsquo;autres param\u00e8tres cl\u00e9s. Il vous permet \u00e0 la fois d&rsquo;analyseer le potentiel commercial de votre entreprise et d&rsquo;identifier d&rsquo;\u00e9ventuels goulets d&rsquo;\u00e9tranglement pour optimiser votre cycle de vente. Cet outil est particuli\u00e8rement adapt\u00e9 aux activit\u00e9s dont le cycle de vente est long, \u00e0 la diff\u00e9rence des \u00ab\u00a0ventes flash\u00a0\u00bb.<\/p>\n\n\n\n<p style=\"font-size:15px\">Il prend en compte 1) Les param\u00e8tres relatifs \u00e0 l&rsquo;activit\u00e9 commerciale : CA annuel moyen par client, marge, taux de transformation\u2026 et 2) La disponibilit\u00e9 des \u00e9quipes techniques, commerciales et administratives pour le processus d&rsquo;avant-vente et de vente.<\/p>\n\n\n\n<blockquote class=\"wp-block-quote is-layout-flow wp-block-quote-is-layout-flow\">\n<p class=\"has-small-font-size\">Les principaux r\u00e9sultats fournis par \u00ab\u00a0Propalor\u00a0\u00bb sont les suivants :<\/p>\n\n\n\n<p class=\"has-small-font-size\">&#8211; Dur\u00e9e du processus commercial pour les fonctions techniques, commerciales et administratives.<\/p>\n\n\n\n<p class=\"has-small-font-size\">&#8211; D\u00e9lais n\u00e9cessaires pour r\u00e9aliser une vente, compte tenu du taux de transformation.<\/p>\n\n\n\n<p class=\"has-small-font-size\">&#8211; Co\u00fbt commercial direct d&rsquo;une vente et marge sur co\u00fbts commerciaux directs.<\/p>\n\n\n\n<p class=\"has-small-font-size\">&#8211; D\u00e9lais n\u00e9cessaires pour r\u00e9aliser une vente, compte tenu des disponibilit\u00e9s de l&rsquo;\u00e9quipe.<\/p>\n\n\n\n<p class=\"has-small-font-size\">&#8211; Potentiel maximal de commandes compte tenu des diff\u00e9rents goulets d&rsquo;\u00e9tranglement.<\/p>\n\n\n\n<p class=\"has-small-font-size\">&#8211; Frais fixes annuels et profit pr\u00e9visionnel en fonction du potentiel de CA sur 12 mois.<\/p>\n\n\n\n<p class=\"has-small-font-size\">&#8211; Calcul du seuil de rentabilit\u00e9 et carnet de commandes maximal par rapport \u00e0 un tel seuil.<\/p>\n\n\n\n<p class=\"has-small-font-size\">L&rsquo;onglet \u00ab\u00a0G\u00e9n\u00e9ral\u00a0\u00bb proc\u00e8de \u00e0 une analyse d\u00e9taill\u00e9e du cycle de vente et fournit des r\u00e9sultats avec les calculs interm\u00e9diaires.<\/p>\n\n\n\n<p class=\"has-small-font-size\">L&rsquo;onglet \u00ab\u00a0\u00a0\u00bbSynth\u00e8se\u00a0\u00bb\u00a0\u00bb r\u00e9sume les principaux param\u00e8tres et r\u00e9sultats g\u00e9n\u00e9r\u00e9s par \u00ab\u00a0\u00a0\u00bbPropalor\u00a0\u00bb\u00a0\u00bb.<\/p>\n<\/blockquote>\n\n\n\n<p style=\"font-size:15px\">Attention : \u00ab\u00a0Propalor\u00a0\u00bb simplifie une r\u00e9alit\u00e9 commerciale n\u00e9cessairement plus complexe et moins d\u00e9terministe\u2026 Il ne prend pas en compte certains d\u00e9lais qui allongent le cycle de vente : appels d&rsquo;offres, homologations, etc.<\/p>\n\n\n\n<p style=\"font-size:15px\">Cet outil constitue n\u00e9anmoins une base de r\u00e9flexion int\u00e9ressante pour am\u00e9liorer le processus commercial d&rsquo;une entreprise. Il comporte \u00e9galement deux exemples comment\u00e9s (onglets \u00ab\u00a0Exemple1\u00a0\u00bb et \u00ab\u00a0Exemple2\u00a0\u00bb).<\/p>\n\n\n\n<p style=\"font-size:15px\">Le module \u00ab\u00a0Propalor\u00a0\u00bb peut utilement \u00eatre compl\u00e9t\u00e9 par l&rsquo;outil \u00ab\u00a0Plan Marketing\u00a0\u00bb, par les outils de check-up commercial ainsi que par le pr\u00e9visionnel \u00ab\u00a0\u00a0\u00bbBizPrev\u00a0\u00bb\u00a0\u00bb, qui permet de r\u00e9aliser des pr\u00e9visions financi\u00e8res compl\u00e8tes.<\/p>\n\n\n\n<p class=\"has-small-font-size\">(c) Etienne Krieger<\/p>\n\n\n<div class=\"wp-block-image\">\n<figure class=\"aligncenter size-full is-resized\"><img loading=\"lazy\" decoding=\"async\" width=\"793\" height=\"722\" src=\"http:\/\/www.ikigai-colors.com\/wp-content\/uploads\/2026\/04\/Y604_Propalor-ECRAN-Outil-Excel.jpg\" alt=\"\" class=\"wp-image-3232\" style=\"width:571px;height:auto\" srcset=\"https:\/\/www.ikigai-colors.com\/wp-content\/uploads\/2026\/04\/Y604_Propalor-ECRAN-Outil-Excel.jpg 793w, https:\/\/www.ikigai-colors.com\/wp-content\/uploads\/2026\/04\/Y604_Propalor-ECRAN-Outil-Excel-300x273.jpg 300w, https:\/\/www.ikigai-colors.com\/wp-content\/uploads\/2026\/04\/Y604_Propalor-ECRAN-Outil-Excel-768x699.jpg 768w\" sizes=\"auto, (max-width: 793px) 100vw, 793px\" \/><\/figure>\n<\/div>\n\n\n<p class=\"has-small-font-size\">&#8230;<\/p>\n\n\n\n<p class=\"has-small-font-size\"><strong><a href=\"https:\/\/www.ikigai-colors.com\/index.php\/tools\/\">Retour au Menu \u00ab&nbsp;Tools \/ Outils&nbsp;\u00bb<\/a><\/strong><\/p>\n\n\n\n<p class=\"has-medium-font-size\"><strong>Quelques cl\u00e9s pour \u00e9valuer et optimiser le potentiel commercial de votre entreprise<\/strong><\/p>\n\n\n\n<blockquote class=\"wp-block-quote is-layout-flow wp-block-quote-is-layout-flow\">\n<p class=\"has-small-font-size\">Les PME disposent de moyens commerciaux limit\u00e9s et un cycle de vente trop long peut freiner leur croissance et les emp\u00eacher d\u2019atteindre leur seuil de rentabilit\u00e9. Pour inverser une telle tendance, l\u2019entrepreneur doit interroger tous les leviers disponibles : prix, marges, taux de transformation, temps pass\u00e9 par prospect, organisation, embauches ou partenariats. L\u2019analyse rigoureuse du cycle de vente permet de d\u00e9tecter les goulets d\u2019\u00e9tranglement et d\u2019identifier des pistes concr\u00e8tes d\u2019optimisation pour am\u00e9liorer la performance commerciale.<\/p>\n\n\n\n<p class=\"has-small-font-size\"><strong>Pourquoi c\u2019est important pour un entrepreneur&nbsp;? <\/strong>Un entrepreneur doit comprendre les limites de son propre cycle de vente : combien de temps, d\u2019\u00e9nergie et de ressources sont n\u00e9cessaires pour signer un nouveau client. Cette analyse permet de poser un regard lucide sur la rentabilit\u00e9 de chaque affaire, d\u2019anticiper les tensions de tr\u00e9sorerie et de professionnaliser sa d\u00e9marche de d\u00e9veloppement.<\/p>\n<\/blockquote>\n\n\n\n<p style=\"font-size:15px\">Les moyens commerciaux d\u2019une PME sont n\u00e9cessairement limit\u00e9s et l\u2019analyse du cycle de vente fait appara\u00eetre de nombreux goulets d\u2019\u00e9tranglement qui font plafonner les ventes de l\u2019entreprise \u00e0 des niveaux parfois inf\u00e9rieurs \u00e0 son seuil de rentabilit\u00e9<sup>*<\/sup>.<\/p>\n\n\n\n<p style=\"font-size:15px\">L\u2019exemple ci-dessous illustre le dilemme auquel un dirigeant d\u2019entreprise peut se trouver confront\u00e9. Il est extrait d\u2019un compte-rendu d\u2019activit\u00e9 envoy\u00e9 \u00e0 ses actionnaires par un jeune entrepreneur dans le domaine des services informatiques : \u00ab <em>Les co\u00fbts commerciaux sont importants : mon associ\u00e9 technique et moi passons en moyenne 2 jours par prospect (4 r\u00e9unions) et devons en outre r\u00e9aliser une maquette (2 jours de plus). Le taux de transformation est de 25%, soit une vente effective pour 4 devis \u00e9mis. Avec 40% de notre temps en commercial et en avant-vente, soit environ 8 jours par mois, nous d\u00e9crochons un client tous les deux mois. La moyenne d&rsquo;un contrat est aux alentours de 30000\u20ac et la marge sur co\u00fbts directs externes de 50%, avec peu de r\u00e9currence. Notre tr\u00e9sorerie est toujours tr\u00e8s tendue <\/em>\u00bb \u2026<\/p>\n\n\n\n<p style=\"font-size:15px\">En mod\u00e9lisant cette situation sur notre tableur, nous sommes parvenus \u00e0 la conclusion que cette entreprise ne pouvait pas \u00eatre b\u00e9n\u00e9ficiaire compte tenu de sa marge brute, de ses co\u00fbts salariaux, de ses autres charges fixes et de la longueur de son cycle de vente. Cette entreprise, en effet, ne peut pas g\u00e9n\u00e9rer un nombre suffisant de commandes pour atteindre son seuil de rentabilit\u00e9, m\u00eame si ces commandes sont int\u00e9gralement facturables sur l\u2019exercice en cours. La seule mani\u00e8re de (re)trouver le chemin des profits et un niveau de tr\u00e9sorerie plus confortable est de modifier un ou plusieurs param\u00e8tres li\u00e9s \u00e0 l\u2019organisation g\u00e9n\u00e9rale de l\u2019entreprise voire \u00e0 l\u2019offre en tant que telle.<\/p>\n\n\n\n<p style=\"font-size:15px\">En fonction des caract\u00e9ristiques de l\u2019activit\u00e9, les questions \u00e0 se poser pour optimiser le potentiel commercial de votre entreprise sont principalement les suivantes :<\/p>\n\n\n\n<ul class=\"wp-block-list\">\n<li style=\"font-size:15px\">Dans quelle mesure pouvons-nous augmenter nos prix sans significativement r\u00e9duire les volumes de vente ?<\/li>\n\n\n\n<li style=\"font-size:15px\">Une diminution des co\u00fbts variables est-elle possible en internalisant ou, <em>a contrario<\/em>, en externalisant certains co\u00fbts ?<\/li>\n\n\n\n<li style=\"font-size:15px\">Pouvons-nous am\u00e9liorer notre taux de transformation, par exemple en qualifiant davantage nos prospects, en am\u00e9liorant notre offre ou encore en r\u00e9alisant des actions promotionnelles ?<\/li>\n\n\n\n<li style=\"font-size:15px\">Est-il possible de r\u00e9duire la part fixe de nos co\u00fbts salariaux, par exemple en introduisant une part variable ou en r\u00e9duisant les charges salariales gr\u00e2ce \u00e0 des bonifications de type CIR ou JEI (statut Jeune Entreprise Innovante) ?<\/li>\n\n\n\n<li style=\"font-size:15px\">Est-il possible d\u2019augmenter le temps de travail annuel des associ\u00e9s-fondateurs ou, plus ponctuellement, d\u2019autres personnes de l\u2019\u00e9quipe ?<\/li>\n\n\n\n<li style=\"font-size:15px\">Pouvons-nous optimiser le temps de traitement d&rsquo;un prospect, afin de r\u00e9duire les d\u00e9lais de vente et d&rsquo;avant-vente et d\u2019industrialiser notre processus commercial ?<\/li>\n\n\n\n<li style=\"font-size:15px\">Pouvons-nous am\u00e9liorer l&rsquo;organisation interne, en prenant en charge certaines t\u00e2ches commerciales par les \u00e9quipes techniques et administratives ?<\/li>\n\n\n\n<li style=\"font-size:15px\">Devons-nous proc\u00e9der \u00e0 l\u2019embauche de profils commerciaux et technico-commerciaux afin de supprimer ou d\u00e9placer certains goulets d&rsquo;\u00e9tranglement ?<\/li>\n\n\n\n<li style=\"font-size:15px\">Pouvons-nous avoir recours \u00e0 des partenaires commerciaux et\/ou \u00e0 des apporteurs d&rsquo;affaires permettant de g\u00e9n\u00e9rer davantage de prospects hautement qualifi\u00e9s ?<\/li>\n\n\n\n<li style=\"font-size:15px\">Est-il possible et opportun de r\u00e9duire des co\u00fbts fixes autres que les co\u00fbts salariaux ?<\/li>\n<\/ul>\n\n\n\n<p style=\"font-size:15px\">Si vous vous interrogez sur le potentiel commercial de votre entreprise et que vous souhaitez identifier d&rsquo;\u00e9ventuels goulets d&rsquo;\u00e9tranglement et optimiser votre cycle de vente, la plupart de ces pistes de r\u00e9flexion s\u2019appliqueront probablement \u00e0 des degr\u00e9s divers. Ce sera d\u2019autant plus le cas si votre cycle de vente est long.<\/p>\n\n\n\n<p style=\"font-size:15px\">L\u2019analyse du cycle de vente est un exercice important qui cr\u00e9dibilise vos pr\u00e9visions commerciales et financi\u00e8res. Lorsqu\u2019il est effectu\u00e9 en commun avec vos \u00e9quipes, un tel travail est rapidement susceptible de faire \u00e9merger des pistes d\u2019optimisation de vos ventes.<\/p>\n\n\n\n<p class=\"has-small-font-size\"><sup>(<\/sup><sup>*<\/sup><sup>)<\/sup>&nbsp;Le seuil de rentabilit\u00e9 ou point mort d\u2019exploitation est le niveau de chiffre d&rsquo;affaires minimum \u00e0 partir duquel une entreprise est rentable.<\/p>\n\n\n\n<p class=\"has-small-font-size\">&#8230;<\/p>\n\n\n\n<p class=\"has-small-font-size\"><strong><a href=\"https:\/\/www.ikigai-colors.com\/index.php\/tools\/\">Retour au Menu \u00ab&nbsp;Tools \/ Outils&nbsp;\u00bb<\/a><\/strong><\/p>\n","protected":false},"excerpt":{"rendered":"<p>\u00c9valuez et optimisez le potentiel commercial de votre entreprise \u00ab\u00a0Propalor\u00a0\u00bb est un outil d&rsquo;\u00e9valuation du potentiel commercial d&rsquo;une entreprise, via l&rsquo;analyse du cycle de vente et d&rsquo;autres param\u00e8tres cl\u00e9s. Il vous permet \u00e0 la fois d&rsquo;analyseer le potentiel commercial de votre entreprise et d&rsquo;identifier d&rsquo;\u00e9ventuels goulets d&rsquo;\u00e9tranglement pour optimiser votre [&hellip;]<\/p>\n","protected":false},"author":1,"featured_media":0,"parent":0,"menu_order":0,"comment_status":"closed","ping_status":"closed","template":"","meta":{"footnotes":""},"class_list":["post-3236","page","type-page","status-publish","hentry"],"_links":{"self":[{"href":"https:\/\/www.ikigai-colors.com\/index.php\/wp-json\/wp\/v2\/pages\/3236","targetHints":{"allow":["GET"]}}],"collection":[{"href":"https:\/\/www.ikigai-colors.com\/index.php\/wp-json\/wp\/v2\/pages"}],"about":[{"href":"https:\/\/www.ikigai-colors.com\/index.php\/wp-json\/wp\/v2\/types\/page"}],"author":[{"embeddable":true,"href":"https:\/\/www.ikigai-colors.com\/index.php\/wp-json\/wp\/v2\/users\/1"}],"replies":[{"embeddable":true,"href":"https:\/\/www.ikigai-colors.com\/index.php\/wp-json\/wp\/v2\/comments?post=3236"}],"version-history":[{"count":3,"href":"https:\/\/www.ikigai-colors.com\/index.php\/wp-json\/wp\/v2\/pages\/3236\/revisions"}],"predecessor-version":[{"id":3242,"href":"https:\/\/www.ikigai-colors.com\/index.php\/wp-json\/wp\/v2\/pages\/3236\/revisions\/3242"}],"wp:attachment":[{"href":"https:\/\/www.ikigai-colors.com\/index.php\/wp-json\/wp\/v2\/media?parent=3236"}],"curies":[{"name":"wp","href":"https:\/\/api.w.org\/{rel}","templated":true}]}}

<p class="has-medium-font-size"><strong>Évaluez et optimisez le potentiel commercial de votre entreprise</strong></p>



<p style="font-size:15px">« Propalor » est un outil d&rsquo;évaluation du potentiel commercial d&rsquo;une entreprise, via l&rsquo;analyse du cycle de vente et d&rsquo;autres paramètres clés. Il vous permet à la fois d&rsquo;analyseer le potentiel commercial de votre entreprise et d&rsquo;identifier d&rsquo;éventuels goulets d&rsquo;étranglement pour optimiser votre cycle de vente. Cet outil est particulièrement adapté aux activités dont le cycle de vente est long, à la différence des « ventes flash ».</p>



<p style="font-size:15px">Il prend en compte 1) Les paramètres relatifs à l&rsquo;activité commerciale : CA annuel moyen par client, marge, taux de transformation… et 2) La disponibilité des équipes techniques, commerciales et administratives pour le processus d&rsquo;avant-vente et de vente.</p>



<blockquote class="wp-block-quote is-layout-flow wp-block-quote-is-layout-flow">
<p class="has-small-font-size">Les principaux résultats fournis par « Propalor » sont les suivants :</p>



<p class="has-small-font-size">&#8211; Durée du processus commercial pour les fonctions techniques, commerciales et administratives.</p>



<p class="has-small-font-size">&#8211; Délais nécessaires pour réaliser une vente, compte tenu du taux de transformation.</p>



<p class="has-small-font-size">&#8211; Coût commercial direct d&rsquo;une vente et marge sur coûts commerciaux directs.</p>



<p class="has-small-font-size">&#8211; Délais nécessaires pour réaliser une vente, compte tenu des disponibilités de l&rsquo;équipe.</p>



<p class="has-small-font-size">&#8211; Potentiel maximal de commandes compte tenu des différents goulets d&rsquo;étranglement.</p>



<p class="has-small-font-size">&#8211; Frais fixes annuels et profit prévisionnel en fonction du potentiel de CA sur 12 mois.</p>



<p class="has-small-font-size">&#8211; Calcul du seuil de rentabilité et carnet de commandes maximal par rapport à un tel seuil.</p>



<p class="has-small-font-size">L&rsquo;onglet « Général » procède à une analyse détaillée du cycle de vente et fournit des résultats avec les calculs intermédiaires.</p>



<p class="has-small-font-size">L&rsquo;onglet «  »Synthèse » » résume les principaux paramètres et résultats générés par «  »Propalor » ».</p>
</blockquote>



<p style="font-size:15px">Attention : « Propalor » simplifie une réalité commerciale nécessairement plus complexe et moins déterministe… Il ne prend pas en compte certains délais qui allongent le cycle de vente : appels d&rsquo;offres, homologations, etc.</p>



<p style="font-size:15px">Cet outil constitue néanmoins une base de réflexion intéressante pour améliorer le processus commercial d&rsquo;une entreprise. Il comporte également deux exemples commentés (onglets « Exemple1 » et « Exemple2 »).</p>



<p style="font-size:15px">Le module « Propalor » peut utilement être complété par l&rsquo;outil « Plan Marketing », par les outils de check-up commercial ainsi que par le prévisionnel «  »BizPrev » », qui permet de réaliser des prévisions financières complètes.</p>



<p class="has-small-font-size">(c) Etienne Krieger</p>


<div class="wp-block-image">
<figure class="aligncenter size-full is-resized"><img loading="lazy" decoding="async" width="793" height="722" src="http://www.ikigai-colors.com/wp-content/uploads/2026/04/Y604_Propalor-ECRAN-Outil-Excel.jpg" alt="" class="wp-image-3232" style="width:571px;height:auto" srcset="https://www.ikigai-colors.com/wp-content/uploads/2026/04/Y604_Propalor-ECRAN-Outil-Excel.jpg 793w, https://www.ikigai-colors.com/wp-content/uploads/2026/04/Y604_Propalor-ECRAN-Outil-Excel-300x273.jpg 300w, https://www.ikigai-colors.com/wp-content/uploads/2026/04/Y604_Propalor-ECRAN-Outil-Excel-768x699.jpg 768w" sizes="auto, (max-width: 793px) 100vw, 793px" /></figure>
</div>


<p class="has-small-font-size">&#8230;</p>



<p class="has-small-font-size"><strong><a href="https://www.ikigai-colors.com/index.php/tools/">Retour au Menu «&nbsp;Tools / Outils&nbsp;»</a></strong></p>



<p class="has-medium-font-size"><strong>Quelques clés pour évaluer et optimiser le potentiel commercial de votre entreprise</strong></p>



<blockquote class="wp-block-quote is-layout-flow wp-block-quote-is-layout-flow">
<p class="has-small-font-size">Les PME disposent de moyens commerciaux limités et un cycle de vente trop long peut freiner leur croissance et les empêcher d’atteindre leur seuil de rentabilité. Pour inverser une telle tendance, l’entrepreneur doit interroger tous les leviers disponibles : prix, marges, taux de transformation, temps passé par prospect, organisation, embauches ou partenariats. L’analyse rigoureuse du cycle de vente permet de détecter les goulets d’étranglement et d’identifier des pistes concrètes d’optimisation pour améliorer la performance commerciale.</p>



<p class="has-small-font-size"><strong>Pourquoi c’est important pour un entrepreneur&nbsp;? </strong>Un entrepreneur doit comprendre les limites de son propre cycle de vente : combien de temps, d’énergie et de ressources sont nécessaires pour signer un nouveau client. Cette analyse permet de poser un regard lucide sur la rentabilité de chaque affaire, d’anticiper les tensions de trésorerie et de professionnaliser sa démarche de développement.</p>
</blockquote>



<p style="font-size:15px">Les moyens commerciaux d’une PME sont nécessairement limités et l’analyse du cycle de vente fait apparaître de nombreux goulets d’étranglement qui font plafonner les ventes de l’entreprise à des niveaux parfois inférieurs à son seuil de rentabilité<sup>*</sup>.</p>



<p style="font-size:15px">L’exemple ci-dessous illustre le dilemme auquel un dirigeant d’entreprise peut se trouver confronté. Il est extrait d’un compte-rendu d’activité envoyé à ses actionnaires par un jeune entrepreneur dans le domaine des services informatiques : « <em>Les coûts commerciaux sont importants : mon associé technique et moi passons en moyenne 2 jours par prospect (4 réunions) et devons en outre réaliser une maquette (2 jours de plus). Le taux de transformation est de 25%, soit une vente effective pour 4 devis émis. Avec 40% de notre temps en commercial et en avant-vente, soit environ 8 jours par mois, nous décrochons un client tous les deux mois. La moyenne d&rsquo;un contrat est aux alentours de 30000€ et la marge sur coûts directs externes de 50%, avec peu de récurrence. Notre trésorerie est toujours très tendue </em>» …</p>



<p style="font-size:15px">En modélisant cette situation sur notre tableur, nous sommes parvenus à la conclusion que cette entreprise ne pouvait pas être bénéficiaire compte tenu de sa marge brute, de ses coûts salariaux, de ses autres charges fixes et de la longueur de son cycle de vente. Cette entreprise, en effet, ne peut pas générer un nombre suffisant de commandes pour atteindre son seuil de rentabilité, même si ces commandes sont intégralement facturables sur l’exercice en cours. La seule manière de (re)trouver le chemin des profits et un niveau de trésorerie plus confortable est de modifier un ou plusieurs paramètres liés à l’organisation générale de l’entreprise voire à l’offre en tant que telle.</p>



<p style="font-size:15px">En fonction des caractéristiques de l’activité, les questions à se poser pour optimiser le potentiel commercial de votre entreprise sont principalement les suivantes :</p>



<ul class="wp-block-list">
<li style="font-size:15px">Dans quelle mesure pouvons-nous augmenter nos prix sans significativement réduire les volumes de vente ?</li>



<li style="font-size:15px">Une diminution des coûts variables est-elle possible en internalisant ou, <em>a contrario</em>, en externalisant certains coûts ?</li>



<li style="font-size:15px">Pouvons-nous améliorer notre taux de transformation, par exemple en qualifiant davantage nos prospects, en améliorant notre offre ou encore en réalisant des actions promotionnelles ?</li>



<li style="font-size:15px">Est-il possible de réduire la part fixe de nos coûts salariaux, par exemple en introduisant une part variable ou en réduisant les charges salariales grâce à des bonifications de type CIR ou JEI (statut Jeune Entreprise Innovante) ?</li>



<li style="font-size:15px">Est-il possible d’augmenter le temps de travail annuel des associés-fondateurs ou, plus ponctuellement, d’autres personnes de l’équipe ?</li>



<li style="font-size:15px">Pouvons-nous optimiser le temps de traitement d&rsquo;un prospect, afin de réduire les délais de vente et d&rsquo;avant-vente et d’industrialiser notre processus commercial ?</li>



<li style="font-size:15px">Pouvons-nous améliorer l&rsquo;organisation interne, en prenant en charge certaines tâches commerciales par les équipes techniques et administratives ?</li>



<li style="font-size:15px">Devons-nous procéder à l’embauche de profils commerciaux et technico-commerciaux afin de supprimer ou déplacer certains goulets d&rsquo;étranglement ?</li>



<li style="font-size:15px">Pouvons-nous avoir recours à des partenaires commerciaux et/ou à des apporteurs d&rsquo;affaires permettant de générer davantage de prospects hautement qualifiés ?</li>



<li style="font-size:15px">Est-il possible et opportun de réduire des coûts fixes autres que les coûts salariaux ?</li>
</ul>



<p style="font-size:15px">Si vous vous interrogez sur le potentiel commercial de votre entreprise et que vous souhaitez identifier d&rsquo;éventuels goulets d&rsquo;étranglement et optimiser votre cycle de vente, la plupart de ces pistes de réflexion s’appliqueront probablement à des degrés divers. Ce sera d’autant plus le cas si votre cycle de vente est long.</p>



<p style="font-size:15px">L’analyse du cycle de vente est un exercice important qui crédibilise vos prévisions commerciales et financières. Lorsqu’il est effectué en commun avec vos équipes, un tel travail est rapidement susceptible de faire émerger des pistes d’optimisation de vos ventes.</p>



<p class="has-small-font-size"><sup>(</sup><sup>*</sup><sup>)</sup>&nbsp;Le seuil de rentabilité ou point mort d’exploitation est le niveau de chiffre d&rsquo;affaires minimum à partir duquel une entreprise est rentable.</p>



<p class="has-small-font-size">&#8230;</p>



<p class="has-small-font-size"><strong><a href="https://www.ikigai-colors.com/index.php/tools/">Retour au Menu «&nbsp;Tools / Outils&nbsp;»</a></strong></p>

<p>Évaluez et optimisez le potentiel commercial de votre entreprise « Propalor » est un outil d&rsquo;évaluation du potentiel commercial d&rsquo;une entreprise, via l&rsquo;analyse du cycle de vente et d&rsquo;autres paramètres clés. Il vous permet à la fois d&rsquo;analyseer le potentiel commercial de votre entreprise et d&rsquo;identifier d&rsquo;éventuels goulets d&rsquo;étranglement pour optimiser votre [&hellip;]</p>
